hat is the tens digit of -4 - (6/432*16 - 335974/18)?
6
Suppose -a + 4*j = -2, -5*a + 5*j + 3 = -7. What is the hundreds digit of (-26)/(-9)*57*12/a?
9
Let a be (11739/6 - -2)*2. Let k be (a - -4) + 24/6. What is the tens digit of k/45 - (-2)/(-9)?
8
Suppose 0 = 9*d - 8*d + 2*k - 5120, 3*d - 15426 = 5*k. What is the hundreds digit of d?
1
Let d = 25190 + -21544. What is the hundreds digit of d?
6
What is the tens digit of (-8790 + -1)*(-16 + 15)*7?
3
Let d(y) = 126*y**2 - 338*y - 193. What is the ten thousands digit of d(-18)?
4
Let t be -14 - -16 - (1 + 2 + -1). Suppose -v - 3*u + u + 10 = t, 3*v - 15 = -3*u. Suppose v*h + 5*h = s - 66, 3*h - 264 = -4*s. What is the units digit of s?
6
Suppose -6*a = -2*a + 3*k - 81, 5*k - 51 = -2*a. Suppose 0 = -p - a - 30. What is the tens digit of (-7)/(-1)*p/(-28)?
1
Suppose 4*s - 3*a + 32 = 8*s, -16 = -4*s + a. Let d(r) = -s + 26*r + 2 - 9. What is the units digit of d(5)?
8
Suppose -2*u - 2*u + 28 = -2*m, -u - 3 = 2*m. Suppose -4*d + 3*d - u*f = -371, 3*f = -5*d + 1943. What is the units digit of d?
1
Let l = -11 - -18. Suppose l*n - 2*n = -2*h + 2, -5*h = 20. Suppose -n*o + 4*d = -130, 0 = -3*o + d + 215 - 45. What is the units digit of o?
5
Let t = 28103 - -19357. What is the thousands digit of t?
7
Let o be 2/(-7) - 7528/14. Suppose -9*u + 65 = -5*n - 6*u, 3*n = 5*u - 55. What is the units digit of o/(-6) - n/(-15)?
9
Let t(n) = 1059*n**2 + 14*n - 49. What is the thousands digit of t(4)?
6
Let t(k) = -27*k**3 + 9*k**2 + 6*k + 37. What is the units digit of t(-8)?
9
Let n(a) = -259*a - 932. What is the thousands digit of n(-81)?
0
What is the tens digit of 8/3*-21*(-369)/42?
9
Let g be (-140)/(-16) - (-3)/12. Let c = g + -27. Let p = 94 + c. What is the tens digit of p?
7
Let m be ((-4)/4)/(-1)*5. Let p be (-13)/(325/30)*m/1. What is the tens digit of ((-3)/2)/(p/424)?
0
Let x(l) = 47*l**2 + 17*l + 81127. What is the tens digit of x(0)?
2
Let u(m) = -21*m - 17. Let b be u(-1). Suppose 5*z = -2*t + 279, 3*t - b*z - 431 = z. What is the units digit of t?
2
Suppose -12*w + 251 = 1271. Let s = -27 - w. Suppose -57*r + s*r = 200. What is the tens digit of r?
0
Let t = 568 + -213. What is the units digit of t?
5
Suppose 2*t + 33*t = -27*t + 316386. What is the thousands digit of t?
5
Suppose -2*n - 6*k = -4*k - 14, -2*k + 20 = 3*n. Let r(l) = 96*l - 36. What is the tens digit of r(n)?
4
Suppose 2*m + 2 = 0, -24*n + 21*n + 11369 = -5*m. What is the units digit of n?
8
Let k(h) = h**2 + 25*h - 45. Let g be k(-25). Let q be (-2)/(-5) + (-4347)/g. Suppose -185 = -2*n - q. What is the units digit of n?
4
Let p be (-9)/(-5)*(-7)/((-189)/45). Let d(m) be the third derivative of m**6/30 - m**3/2 - m**2. What is the hundreds digit of d(p)?
1
Suppose -4*d = -149 + 33. Suppose -33*h = -34*h + 5*l + d, h = 4*l + 33. What is the units digit of h?
9
What is the tens digit of (-11708)/(-2) - 3*36/(-27)?
5
Suppose 225*c + 253*c + 214*c = 41719296. What is the units digit of c?
8
Let y = -64 - -69. Let i(r) = 2*r**3 - 13*r**2 - r + 1. Let h(u) = 3*u**3 - 14*u**2. Let x(f) = y*i(f) - 4*h(f). What is the tens digit of x(-5)?
5
Suppose -2*v - 4*d + 16 = 0, 2*v - 2*d = -5*d + 13. Let r be ((-6)/(-8))/(9/6)*v. What is the tens digit of 9/((-18)/(-304)) - r?
5
Let a = -93 - 15. Let g be (-102 + -20)/((-2)/(-4)). Let i = a - g. What is the hundreds digit of i?
1
What is the hundreds digit of (-1122)/9*(-21 - 132)?
0
Let r be (96/(-21))/(8 + 464/(-56)). Suppose -24*g + 1792 = -r*g. What is the units digit of g?
4
Suppose 4*j + 3139 = 2*i - 4333, -18641 = -5*i - 3*j. What is the hundreds digit of i?
7
Let m = -314 + 490. Let q = m - -44. What is the units digit of q?
0
Let r(x) be the first derivative of -11*x**3/3 - 33*x**2/2 + 5*x - 17. Let f(o) be the first derivative of r(o). What is the tens digit of f(-6)?
9
Suppose 0*v = -3*v - 144. What is the units digit of v/9*(-1230)/40?
4
Let f(n) = 2*n**2 - 27*n + 3. Let c(s) = s**2 - 14*s + 1. Let g(p) = 5*c(p) - 3*f(p). What is the units digit of g(10)?
6
What is the units digit of 7637 - (2 + -4) - 16/(224/(-98))?
6
Let c(p) = -p - 25. Let b(y) = 1. Let n(g) = -6*b(g) + c(g). Let o be n(20). Let x = 116 - o. What is the units digit of x?
7
Let l(j) = 45*j**2 + 23*j - 131. What is the hundreds digit of l(10)?
5
Suppose 40*o = -2428 - 692. What is the tens digit of (-1 - -1 - 5) + 1684 + o?
0
Let u(d) = 16*d - 44. Let v = -117 + 138. What is the tens digit of u(v)?
9
Let n(v) = -6*v**3 + 14*v**2 + 30*v + 4. Let x(a) = a**3 - a**2 + a + 1. Let h(k) = n(k) + 5*x(k). Let p be h(12). What is the tens digit of 4 - (p - -2)*151?
5
Let m(v) = -v**2 + 52*v - 279. Let u be m(44). Let q(j) = -j**2 - 6*j - 9. Let p be q(-6). What is the tens digit of u + -1 + p/(-3)?
7
Suppose -2*l + 27368 = l + 10958. What is the thousands digit of l?
5
Let y(k) = -2*k**3 - 6*k**2 + 65*k + 13. Suppose 18*p - 33 = 22*p + x, -4*p = -2*x + 42. What is the tens digit of y(p)?
0
Let z(g) = 14*g - 7. Let v be z(-6). Let r(h) = -h**2 + 13*h - 31. Let a be r(12). Let x = a - v. What is the units digit of x?
2
Let w = 87 + -208. Let v = -22 - w. What is the units digit of v?
9
Let c(v) = 383*v**2 - 207*v + 79. What is the tens digit of c(-6)?
0
Let f be (-138)/(((-1)/8)/(9/27)). Suppose f*t - 375*t = -1568. What is the hundreds digit of t?
2
Let q = 1 - 12. Let r = 15 + q. Suppose 2*x = 2*i - 10, i + 3*x - 65 = -r*i. What is the tens digit of i?
1
Suppose -46*m + 45*m = 21. Let w = -19 - m. What is the hundreds digit of -1 - w/(-2)*(0 + 111)?
1
Let t(j) = 128*j + 89. Suppose -6*l + 3*d = -2*l - 25, 0 = l + 3*d - 10. What is the tens digit of t(l)?
8
Let h(n) = -5*n**3 - 97*n**2 - 5*n - 16. What is the thousands digit of h(-24)?
3
Suppose -2*r - p = 0, -r + 0*p = -p + 6. Let g be (-3 - (0 + r) - -125)/1. Let z = g - 48. What is the tens digit of z?
7
Let z = -14276 + 21585. What is the tens digit of z?
0
Suppose -l - 347 = -d, 0 = -2*l + 1 - 9. Let o = d + -72. What is the hundreds digit of o?
2
What is the units digit of (7580/(-90))/(1/(-99))?
8
Let p be (-11 + 1)*(-17)/2. Let s be (9/6)/((-6)/(-4))*p. Suppose 2 = 2*f, -n + 3*n - 5*f = s. What is the units digit of n?
5
Suppose -62 = -2*u + 382. Let j = u + 198. What is the hundreds digit of j?
4
Let c = 74 - 74. Suppose 2*x = -6*u + u + 1872, 2*u + 4*x - 736 = c. Suppose 2*m = 4*j + 180, u = 7*m - 3*m - 4*j. What is the tens digit of m?
9
Let p(v) = -v**3 - 3*v**2 + 20*v - 12. Let m be p(-10). Suppose -2*d + m = -2*g, -898 = -4*d + 2*g + 78. What is the units digit of d?
4
Suppose 0 = -248*i + 1009926 - 216822. What is the tens digit of i?
9
Let m be (18/(-45))/((-1)/25). What is the units digit of -1622*(-5)/m - -2?
3
Let j(v) = 134*v**2 - 7*v + 11. Let o be j(-5). Suppose -4*y + 4*x + o = 0, 861 = 4*y - 3*y + 5*x. Let n = y - 580. What is the hundreds digit of n?
2
Let d(z) = -z**3 - 8*z**2 + 7*z - 13. Suppose 8 = 6*s + 62. Let v be d(s). Suppose -v*k + 7*k = 110. What is the tens digit of k?
5
Let n = -537 - -625. Suppose -n*v = -95*v + 7112. What is the units digit of v?
6
Suppose 0 = 4*z - v - 9693, -v - 1 + 0 = 0. What is the hundreds digit of z?
4
Let h be 4*(-2 + 12/3). Let c(y) = -y**2 + y. Let r(f) = 6*f**2 + 11. Let z(n) = 4*c(n) + r(n). What is the units digit of z(h)?
1
Let l(f) be the first derivative of -f**4/4 + 16*f**3/3 + 43*f**2/2 - 13*f + 4. Suppose 64 + 602 = 37*o. What is the tens digit of l(o)?
1
Let g = 128644 - 77344. What is the ten thousands digit of g?
5
Let b be (-51)/(-6)*(-107 - -25). What is the units digit of 400/50 + b/(-1)?
5
Let u be (-2)/8 + 8879/(-52) - 3. Let c = 359 + u. What is the hundreds digit of c?
1
Let q = 332 - 326. What is the hundreds digit of ((-11905)/(-15) - 7)*q/5?
9
Suppose 3*g - 4 = -17*x + 21*x, -5*g - 1 = x. What is the units digit of ((-8810)/25 + g)*25/(-10)?
1
Let n(u) = 1213*u + 56. What is the hundreds digit of n(2)?
4
Let d(x) be the first derivative of x**4/4 + 2*x**3/3 - 5*x**2/2 - 3*x - 30. Let z be d(-5). Let m = 205 + z. What is the tens digit of m?
5
Suppose 5*f = -4*a + 8*a + 121, 0 = 5*a - 5. Suppose 7*k - 536 + f = 0. Let i = k - -10. What is the units digit of i?
3
Let f = 127720 + -82824. What is the units digit of f?
6
Suppose -11*g + 90394 = -8*g - 56366. What is the hundreds digit of g?
